, 45 = l + 2*l - 4*z. What is the remainder when l is divided by 8/(-12) - (-26)/3?
7
Let y(c) = c + 14. Let t be y(-6). Suppose t*i - 54 = 5*i. Calculate the remainder when i is divided by 7.
4
Let g = 17 - 10. Let s be (-35)/14 + (-2)/4. Calculate the remainder when (-2)/6 + (-58)/s is divided by g.
5
Let h be 92 - (0 - (0 + -2)). Suppose -4*z = 5*c - 248, h = 3*c + 4*z - 54. Calculate the remainder when c is divided by (-1)/((-5)/6)*15.
16
Suppose 7*i - 72 = 3*i. What is the remainder when i is divided by 12?
6
Suppose 5*v + 42 = 4*p, 11 = p - 3*v + 2*v. Calculate the remainder when 23 is divided by p.
10
Let d(u) = 2*u - 4. Suppose -r - 80 = -6*r. Suppose -8 - r = -4*k. Calculate the remainder when 22 is divided by d(k).
6
Suppose -2*a - 3*a - 2*b = -44, 4*b + 22 = a. Let w(p) = 4*p**3 + 1 - 2 - a*p**3. What is the remainder when 13 is divided by w(-1)?
3
Suppose -37 = -3*p - 8*h + 3*h, -3*h + 25 = 2*p. Suppose -3*b = -7 - 23. Suppose k + k = b. Calculate the remainder when p is divided by k.
4
Suppose -4*h + 12 = 4*c, -4 = c - 0. Let o = 13 - h. What is the remainder when 11 is divided by o?
5
Suppose -32 = g + 5*b, 3*g - 4*g - 20 = 2*b. What is the remainder when 41 is divided by 6*14/g*-2?
13
Let p(c) = -22*c**3 - c**2 - c. Let n(k) = 1 + 9*k**2 + k**2 - 3*k**2. What is the remainder when p(-1) is divided by n(-1)?
6
Let q(y) = 58*y**3 - y**2 + y. Calculate the remainder when q(1) is divided by 20.
18
Let i = -56 - -89. Calculate the remainder when i is divided by 18.
15
Suppose z = -0*z. Let l(s) = s**2 - s + 20. What is the remainder when 59 is divided by l(z)?
19
Calculate the remainder when (-3)/5 + 448/5 is divided by 23.
20
Let v be 7/1 + 0 + -1. Suppose 0 = t - 0*t + v. Calculate the remainder when 1 is divided by 3/t*(-3 - -1).
0
Suppose 0 = -0*t + t - 38. What is the remainder when t is divided by 10?
8
Suppose j = -5*l - 3, l - 3*l - 2 = 0. What is the remainder when 17/3 + (-1)/(-3) is divided by j?
0
Suppose 0 = 2*x - o - 15 - 54, 6 = 2*o. Let i(p) = -23*p - 10. Calculate the remainder when x is divided by i(-1).
10
Let r(d) = 2*d - 15. Suppose -94 = -2*x + 4*n, 0 = 2*x - 2*n - 45 - 39. Calculate the remainder when x is divided by r(14).
11
Suppose 2*u - 10 + 2 = 0. Suppose -2*h = 3*n - 56, 3*h - u*n - 62 - 22 = 0. Suppose -71 = -z - h. Calculate the remainder when z is divided by 15.
13
Let q = 14 + -3. Calculate the remainder when 21 is divided by q.
10
Let r = 7 - -23. Calculate the remainder when 88 is divided by r.
28
Let g(p) = p**2 + 8*p - 1. Let h be g(-7). What is the remainder when 55 is divided by ((-28)/h)/((-1)/(-4))?
13
Suppose 2*r - 61 = r. Suppose 2*u = 27 + r. Let n = 32 + -17. Calculate the remainder when u is divided by n.
14
Suppose -17 - 1 = -3*d. Let m be 3/2 + (-10)/4. What is the remainder when (-1)/(24/(-22) - m) is divided by d?
5
Let h = 7 - -1. Let u(d) be the second derivative of -d**5/20 - 5*d**4/12 + d**3 + 5*d**2/2 - 2*d. Calculate the remainder when h is divided by u(-6).
3
What is the remainder when -1*11*(0 + -1) is divided by 3?
2
Suppose 4*x = -199 - 81. Let b = x + 102. Calculate the remainder when b is divided by 17.
15
Suppose -5*t + t + 56 = 0. Suppose -v - 3*s = 2, 4*v + 2*s + s - 19 = 0. Calculate the remainder when v is divided by 4/t + (-52)/(-14).
3
Let n(j) = 6*j - 6. Let x = 0 + 19. Suppose -2*b + x = -3. Calculate the remainder when n(6) is divided by b.
8
Suppose -4*n + 5*n - 16 = 5*d, n + 2*d - 23 = 0. What is the remainder when 78 is divided by n?
15
Let t(p) = 24*p. Let x be t(3). Suppose 4*m = x - 16. What is the remainder when m is divided by 5?
4
Let l = 14 - 15. Calculate the remainder when 54 is divided by (33 - -5)*l/(-2).
16
Let v = 124 - 74. Suppose 0 = 4*i - 3*m - 65, 3*i + 3*m = 2*i + 20. What is the remainder when v is divided by i?
16
Let h(n) = 16*n**2 + 1. Calculate the remainder when h(-1) is divided by (2/(-4))/(1/(-10)).
2
Suppose -5*l + l = -24. What is the remainder when 20 is divided by l?
2
Let x(m) be the second derivative of 11*m**4/24 + m**2 - 2*m. Let f(b) be the first derivative of x(b). Calculate the remainder when 21 is divided by f(1).
10
Let r(h) = -h**3 - 24*h**2 - 24*h + 26. Calculate the remainder when r(-23) is divided by 13.
10
Let s(q) = 2*q + 2. Let k be s(-4). Let l(m) = -m**2 - 9*m + 7. What is the remainder when 73 is divided by l(k)?
23
Suppose 1 + 0 = -i. Let u(g) = -51*g**2 - g. Let r be u(i). Let l = -21 - r. What is the remainder when l is divided by 15?
14
Let u(f) = -f**3 + 4*f - 1. Let q = 22 - -5. Calculate the remainder when q is divided by u(-3).
13
Let s = -22 + 37. Let f(u) = u + 9. What is the remainder when s is divided by f(-5)?
3
Suppose -r + 1 = -1. Let q(a) = 4*a**2 - 5*a + 5 - a**2 - 2*a**r. What is the remainder when q(5) is divided by 2?
1
What is the remainder when 31 + 5 + (-6)/2 is divided by 18?
15
Let j(y) = y**2 + 2*y + 9. Calculate the remainder when j(6) is divided by 29.
28
Suppose -g - 3 = -2*z - 1, 0 = -5*z + 15. Let v(c) = -c - 7. Let l be v(-9). What is the remainder when g is divided by 1/(l + 0)*4?
0
Suppose 6*z - 2*z + 3*o - 79 = 0, 3*z - o = 43. Suppose 5*v = a + 158, -4*v + 35 + 80 = 3*a. Calculate the remainder when v is divided by z.
15
Suppose -10 = -c + 3. Let u = 73 + -49. What is the remainder when u is divided by c?
11
Suppose 8*y = 3*y + 25. What is the remainder when 8 is divided by y?
3
Let p be (-4 - 2)*15 + 1. Let i = -57 - p. Suppose -i = 4*m - 6*m. What is the remainder when m is divided by 9?
7
Let a(g) = g - 1. Let s be a(1). Suppose -2*v + 18 = -s*v. What is the remainder when 15 is divided by v?
6
Suppose 2*q = -5*v + 187, 2*v + 0*v = -5*q + 79. Calculate the remainder when v is divided by 19.
18
Let n = 5 + 6. What is the remainder when n is divided by 3?
2
Let v = -56 + 70. Calculate the remainder when 111 is divided by v.
13
Suppose -5*l + 704 + 161 = 0. What is the remainder when l is divided by 44?
41
Let k(m) = m**2 + m - 7. Suppose 3*x + 0*x + 18 = 0. What is the remainder when k(x) is divided by 12?
11
Let i = -3 - -1. Calculate the remainder when 26 - (3 + (i - 0)) is divided by 13.
12
Let u(s) = 3*s - 12. Let a be u(8). Suppose 5*y = -4*p + 99, -4*p + 30 = 2*y - a. Calculate the remainder when 36 is divided by y.
17
Let t be ((-2 + 2)*-1)/(-1). Suppose 5*k - 16 - 29 = t. Let f = -8 + 13. What is the remainder when k is divided by f?
4
Let l = -3 - -7. Suppose -l*q + 17 = y, y + 2*y = -3*q + 15. Suppose -3*z - 2 = -5. Calculate the remainder when y is divided by z.
0
Suppose -7*v + 38 + 11 = 0. Suppose -6*k + 2*k + 104 = 0. What is the remainder when k is divided by v?
5
Let b be ((-180)/(-70))/(6/(-28)). Calculate the remainder when 23 is divided by (-12)/(-10)*(-80)/b.
7
Suppose -3*n - 10 = -2*s - 2*n, -2*s = -4*n + 2. What is the remainder when 23 is divided by s?
2
Suppose -3*a = -5*a + 2*y + 52, -4*a + 108 = -5*y. What is the remainder when 86 is divided by a?
20
Suppose -z + 4 = -0*z. Suppose -d + 12 = 3*q, 4*q - d + 5*d - 16 = 0. What is the remainder when (q/6)/(z/30) is divided by 2?
1
Let n be 27/2*8/12. Suppose -n = -h - 1. Let i(r) = r**3 - 9*r**2 + 9*r - 4. What is the remainder when i(h) is divided by 3?
1
Let b(r) = -10*r - 1. What is the remainder when b(-3) is divided by 8?
5
Suppose -f = 4*f - 15. Suppose -f = -0*y + 3*y. Let k = 23 + y. Calculate the remainder when k is divided by 12.
10
Let b = 3 + -1. Suppose -b = -q, 4*y = -q + 9 + 5. Calculate the remainder when 4 is divided by y.
1
Let a(h) = 43*h**2 + h - 7. Let z(q) = q**2 + 1. Let v(s) = a(s) + 6*z(s). Calculate the remainder when v(1) is divided by 17.
15
Let a(j) = -j**2 - 8*j - 9. What is the remainder when 5 is divided by a(-6)?
2
Let v(o) = -o**3 - o**2 - o - 1. Let c(i) = -6*i**3 - 7*i**2 + i - 2. Let f(t) = c(t) - 5*v(t). Calculate the remainder when f(-4) is divided by 4.
3
Let b(r) = -2*r**2 - 18*r + 11. Calculate the remainder when b(-7) is divided by 20.
19
What is the remainder when 19 is divided by 3 + 4 - (0/1 - -1)?
1
Let l = 106 - 102. What is the remainder when 30 is divided by l?
2
Suppose 5*r - 3 = 82. What is the remainder when 2*((-145)/(-10) + 1) is divided by r?
14
Suppose 37*a - 35*a - 36 = 0. Calculate the remainder when a is divided by 7.
4
Let c = 23 + -11. Ca